{"id":7,"date":"2018-06-30T09:27:18","date_gmt":"2018-06-30T09:27:18","guid":{"rendered":"http:\/\/cesis.co\/business\/?page_id=7"},"modified":"2024-10-24T17:36:41","modified_gmt":"2024-10-24T17:36:41","slug":"modern-business-about","status":"publish","type":"page","link":"https:\/\/gyg-sucesores.com\/wordpress\/index.php\/modern-business-about\/","title":{"rendered":"GyG &#8211; Nosotros"},"content":{"rendered":"<section class=\"wpb-content-wrapper\"><p>[vc_row full_width=&#8221;stretch_row&#8221; min_height=&#8221;100&#8243; min_height_units=&#8221;vh&#8221; parallax=&#8221;cesis_parallax&#8221; parallax_image=&#8221;9689&#8243; cesis_content_effect=&#8221;cesis_row_e_fade_stick&#8221; cesis_content_effect_depth=&#8221;0.3&#8243; content_placement=&#8221;middle&#8221;][vc_column width=&#8221;2\/3&#8243;][vc_custom_heading text=&#8221;Conocimiento<br \/>\ny Experiencia&#8221; font_container=&#8221;tag:h2|font_size:86px|text_align:left|color:%23000000|line_height:1.02em&#8221; letter_spacing=&#8221;-2.5&#8243; use_theme_fonts=&#8221;yes&#8221; hide_md=&#8221;cesis_hidden-md&#8221; hide_sm=&#8221;cesis_hidden-sm&#8221; css=&#8221;.vc_custom_1675699748985{margin-bottom: 16px !important;}&#8221;][vc_custom_heading text=&#8221;Para el suministro de equipos, elementos y reactivos de las \u00e1reas cient\u00edficas y tecnol\u00f3gicas.&#8221; font_container=&#8221;tag:p|font_size:24|text_align:left|color:%23000000|line_height:1.02em&#8221; letter_spacing=&#8221;-2.5&#8243; use_theme_fonts=&#8221;yes&#8221; hide_md=&#8221;cesis_hidden-md&#8221; hide_sm=&#8221;cesis_hidden-sm&#8221; css=&#8221;.vc_custom_1675699817920{margin-bottom: 16px !important;}&#8221;][\/vc_column][vc_column width=&#8221;1\/3&#8243;][\/vc_column][\/vc_row][vc_row][vc_column css=&#8221;.vc_custom_1530955352924{padding-top: 60px !important;padding-bottom: 60px !important;}&#8221;][vc_custom_heading text=&#8221;G&#038;G Sucesores S.A.S&#8221; font_container=&#8221;tag:h1|text_align:center&#8221; use_theme_fonts=&#8221;yes&#8221; css=&#8221;.vc_custom_1729791627451{margin-bottom: 15px !important;}&#8221;][vc_custom_heading text=&#8221;Importaciones y Representaciones&#8221; font_container=&#8221;tag:h4|font_size:16px|text_align:center|color:%23000000|line_height:24px&#8221; google_fonts=&#8221;font_family:Roboto%20Slab%3A100%2C300%2Cregular%2C700|font_style:400%20regular%3A400%3Anormal&#8221; css=&#8221;.vc_custom_1675699475664{margin-bottom: 56px !important;}&#8221;][vc_tabs interval=&#8221;0&#8243; style=&#8221;cesis_tab_5&#8243; pos=&#8221;cesis_tab_center&#8221;][vc_tab title=&#8221;Quienes Somos&#8221; tab_id=&#8221;7a7a3436-6e52-5&#8243;][vc_column_text max_width=&#8221;690px&#8221; text_ctn_pos=&#8221;cesis_line_d_center&#8221; css=&#8221;.vc_custom_1669819554307{margin-bottom: 0px !important;padding-top: 40px !important;padding-bottom: 60px !important;}&#8221;]<\/p>\n<p style=\"text-align: justify;\">Somos una empresa l\u00edder en la importaci\u00f3n y comercializaci\u00f3n que pone a su disposici\u00f3n todo nuestro conocimiento y experiencia con la asesor\u00eda para el suministro de equipos, elementos y reactivos de las \u00e1reas cient\u00edficas y tecnol\u00f3gicas.<\/p>\n<p style=\"text-align: justify;\">Contamos con un amplio portafolio de productos para laboratorios e instituciones de investigaci\u00f3n en ciencias de la vida, al igual que el \u00e1mbito agr\u00edcola, industrial y del medio ambiente.<\/p>\n<p>[\/vc_column_text][\/vc_tab][vc_tab title=&#8221;Nuestra Misi\u00f3n&#8221; tab_id=&#8221;ad6c5046-cf56-2&#8243;][vc_column_text max_width=&#8221;690px&#8221; text_ctn_pos=&#8221;cesis_line_d_center&#8221; css=&#8221;.vc_custom_1669819380709{margin-bottom: 0px !important;padding-top: 40px !important;padding-bottom: 60px !important;}&#8221;]<\/p>\n<p style=\"text-align: justify;\">Importar y comercializar un amplio portafolio de Equipos, Elementos y Reactivos para Laboratorios e instituciones en investigaci\u00f3n, salud, industria y ciencias aplicadas. Ofrecer un \u00f3ptimo y oportuno servicio cumpliendo con los requisitos del cliente; prestar asesor\u00eda t\u00e9cnica y capacitaci\u00f3n, respaldada por las f\u00e1bricas que representamos, las cuales ofrecen soluciones innovadoras y competitivas.<\/p>\n<p style=\"text-align: justify;\">Nuestro servicio est\u00e1 enfocado bajo las normas de \u00e9tica y siempre ser\u00e1 profesional, amable y oportuno, buscando permanentemente la total satisfacci\u00f3n y lealtad de nuestros clientes as\u00ed como la rentabilidad de nuestros socios.<\/p>\n<p>[\/vc_column_text][\/vc_tab][vc_tab title=&#8221;Nuestra Visi\u00f3n&#8221; tab_id=&#8221;1530354478833-2-8&#8243;][vc_column_text max_width=&#8221;690px&#8221; text_ctn_pos=&#8221;cesis_line_d_center&#8221; css=&#8221;.vc_custom_1669819710546{margin-bottom: 0px !important;padding-top: 40px !important;padding-bottom: 60px !important;}&#8221;]<\/p>\n<p style=\"text-align: justify;\"><strong>Consolidar el reconocimiento de la empresa como una Compa\u00f1\u00eda seria y responsable que atiende de manera integral a sus grupos de inter\u00e9s, a<\/strong> \u2026<\/p>\n<p style=\"text-align: justify;\"><strong> Los accionistas<\/strong>, como empresa familiar, observar\u00e1n que la empresa no entr\u00f3 en litigios jur\u00eddicos o dilemas \u00e9ticos que afecten su buen nombre, y mantuvo su sostenibilidad por el crecimiento y rentabilidad de sus operaciones.<\/p>\n<p style=\"text-align: justify;\"><strong> Los clientes<\/strong> expresar\u00e1n su satisfacci\u00f3n, a trav\u00e9s de nuestro cumplimiento de la propuesta de valor, en t\u00e9rminos del producto y el servicio contratado.<\/p>\n<p style=\"text-align: justify;\"><strong> Los empleados<\/strong> reconocer\u00e1n el cumplimiento de los aspectos legales que los cobija, la equidad en el trato, sin ning\u00fan tipo de discriminaci\u00f3n y el apoyo por el reconocimiento del desarrollo de sus labores.<\/p>\n<p style=\"text-align: justify;\"><strong>Los Proveedores fabricantes<\/strong> mantendr\u00e1n su relaci\u00f3n comercial con nosotros, por el alto posicionamiento del nombre de las marcas y del servicio postventa.<\/p>\n<p><strong>El medio ambiente<\/strong>, nuestro compromiso implicar\u00e1 un manejo responsable de nuestros residuos, asegurando su disposici\u00f3n final y el cumplimiento de las normas vigentes en el pa\u00eds.[\/vc_column_text][\/vc_tab][\/vc_tabs][\/vc_column][\/vc_row]<\/p>\n<\/section>","protected":false},"excerpt":{"rendered":"<p>[vc_row full_width=&#8221;stretch_row&#8221; min_height=&#8221;100&#8243; min_height_units=&#8221;vh&#8221; parallax=&#8221;cesis_parallax&#8221; parallax_image=&#8221;9689&#8243; cesis_content_effect=&#8221;cesis_row_e_fade_stick&#8221; cesis_content_effect_depth=&#8221;0.3&#8243; content_placement=&#8221;middle&#8221;][vc_column width=&#8221;2\/3&#8243;][vc_custom_heading text=&#8221;Conocimiento y Experiencia&#8221; font_container=&#8221;tag:h2|font_size:86px|text_align:left|color:%23000000|line_height:1.02em&#8221; letter_spacing=&#8221;-2.5&#8243; use_theme_fonts=&#8221;yes&#8221; hide_md=&#8221;cesis_hidden-md&#8221; hide_sm=&#8221;cesis_hidden-sm&#8221; css=&#8221;.vc_custom_1675699748985{margin-bottom: 16px !important;}&#8221;][vc_custom_heading text=&#8221;Para el suministro de equipos, elementos y reactivos de las \u00e1reas cient\u00edficas y tecnol\u00f3gicas.&#8221; font_container=&#8221;tag:p|font_size:24|text_align:left|color:%23000000|line_height:1.02em&#8221; letter_spacing=&#8221;-2.5&#8243; use_theme_fonts=&#8221;yes&#8221; hide_md=&#8221;cesis_hidden-md&#8221; hide_sm=&#8221;cesis_hidden-sm&#8221; css=&#8221;.vc_custom_1675699817920{margin-bottom: 16px !important;}&#8221;][\/vc_column][vc_column width=&#8221;1\/3&#8243;][\/vc_column][\/vc_row][vc_row][vc_column css=&#8221;.vc_custom_1530955352924{padding-top: 60px !important;padding-bottom: 60px !important;}&#8221;][vc_custom_heading text=&#8221;G&#038;G Sucesores S.A.S&#8221; font_container=&#8221;tag:h1|text_align:center&#8221; use_theme_fonts=&#8221;yes&#8221; css=&#8221;.vc_custom_1729791627451{margin-bottom: [&hellip;]<\/p>\n","protected":false},"author":1,"featured_media":0,"parent":0,"menu_order":0,"comment_status":"closed","ping_status":"closed","template":"","meta":{"footnotes":""},"class_list":["post-7","page","type-page","status-publish","hentry"],"_links":{"self":[{"href":"https:\/\/gyg-sucesores.com\/wordpress\/index.php\/wp-json\/wp\/v2\/pages\/7","targetHints":{"allow":["GET"]}}],"collection":[{"href":"https:\/\/gyg-sucesores.com\/wordpress\/index.php\/wp-json\/wp\/v2\/pages"}],"about":[{"href":"https:\/\/gyg-sucesores.com\/wordpress\/index.php\/wp-json\/wp\/v2\/types\/page"}],"author":[{"embeddable":true,"href":"https:\/\/gyg-sucesores.com\/wordpress\/index.php\/wp-json\/wp\/v2\/users\/1"}],"replies":[{"embeddable":true,"href":"https:\/\/gyg-sucesores.com\/wordpress\/index.php\/wp-json\/wp\/v2\/comments?post=7"}],"version-history":[{"count":28,"href":"https:\/\/gyg-sucesores.com\/wordpress\/index.php\/wp-json\/wp\/v2\/pages\/7\/revisions"}],"predecessor-version":[{"id":10561,"href":"https:\/\/gyg-sucesores.com\/wordpress\/index.php\/wp-json\/wp\/v2\/pages\/7\/revisions\/10561"}],"wp:attachment":[{"href":"https:\/\/gyg-sucesores.com\/wordpress\/index.php\/wp-json\/wp\/v2\/media?parent=7"}],"curies":[{"name":"wp","href":"https:\/\/api.w.org\/{rel}","templated":true}]}}