{"id":10069,"date":"2024-02-10T00:51:26","date_gmt":"2024-02-10T00:51:26","guid":{"rendered":"https:\/\/gyg-sucesores.com\/wordpress\/?page_id=10069"},"modified":"2024-10-24T21:01:03","modified_gmt":"2024-10-24T21:01:03","slug":"productos-julabo","status":"publish","type":"page","link":"https:\/\/gyg-sucesores.com\/wordpress\/index.php\/productos-julabo\/","title":{"rendered":"Productos Julabo"},"content":{"rendered":"<section class=\"wpb-content-wrapper\"><p>[vc_row][vc_column width=&#8221;1\/2&#8243;][vc_single_image image=&#8221;9985&#8243; img_size=&#8221;medium&#8221; alignment=&#8221;center&#8221;][\/vc_column][vc_column width=&#8221;1\/2&#8243;][vc_column_text font_size=&#8221;0&#8243; line_height=&#8221;0&#8243; letter_spacing=&#8221;&#8221;][\/vc_column_text][vc_column_text font_size=&#8221;0&#8243; line_height=&#8221;0&#8243; letter_spacing=&#8221;&#8221; font_color=&#8221;#000000&#8243;]<\/p>\n<h3><strong>Equipos de la marca Julabo<\/strong><\/h3>\n<p>[\/vc_column_text][\/vc_column][\/vc_row][vc_row][vc_column width=&#8221;1\/4&#8243;][vc_column_text]<\/p>\n<p style=\"text-align: center;\"><strong>Criotermostato de Circulaci\u00f3n<\/strong><\/p>\n<p>[\/vc_column_text][vc_column_text]<span style=\"color: #ffffff;\">&#8211;<\/span>[\/vc_column_text][vc_single_image image=&#8221;10232&#8243; img_size=&#8221;full&#8221; alignment=&#8221;center&#8221; onclick=&#8221;custom_link&#8221; link=&#8221;https:\/\/www.julabo.com\/es\/productos\/criotermostatos\/criotermostato-de-circulacion&#8221;][vc_column_text]<span style=\"color: #ffffff;\">&#8211;<\/span>[\/vc_column_text][vc_column_text]<span style=\"color: #ffffff;\">&#8211;<\/span>[\/vc_column_text][vc_column_text]<span style=\"color: #ffffff;\">&#8211;<\/span>[\/vc_column_text][\/vc_column][vc_column width=&#8221;1\/4&#8243;][vc_column_text]<\/p>\n<p style=\"text-align: center;\"><strong>Criotermostatos Compactos<\/strong><\/p>\n<p>[\/vc_column_text][vc_column_text]<span style=\"color: #ffffff;\">&#8211;<\/span>[\/vc_column_text][vc_single_image image=&#8221;10235&#8243; img_size=&#8221;full&#8221; alignment=&#8221;center&#8221; onclick=&#8221;custom_link&#8221; link=&#8221;https:\/\/www.julabo.com\/es\/productos\/criotermostatos\/criotermostatos-compactos&#8221;][\/vc_column][vc_column width=&#8221;1\/4&#8243;][vc_column_text]<\/p>\n<p style=\"text-align: center;\"><strong>Ultracriotermostatos de Circulaci\u00f3n<\/strong><\/p>\n<p>[\/vc_column_text][vc_column_text]<span style=\"color: #ffffff;\">&#8211;<\/span>[\/vc_column_text][vc_single_image image=&#8221;10236&#8243; img_size=&#8221;full&#8221; alignment=&#8221;center&#8221; onclick=&#8221;custom_link&#8221; link=&#8221;https:\/\/www.julabo.com\/es\/productos\/criotermostatos\/ultracriotermostatos-de-circulacion&#8221;][\/vc_column][vc_column width=&#8221;1\/4&#8243;][vc_column_text]<\/p>\n<p style=\"text-align: center;\"><strong>Termostatos de Inmersi\u00f3n<\/strong><\/p>\n<p>[\/vc_column_text][vc_column_text]<span style=\"color: #ffffff;\">&#8211;<\/span>[\/vc_column_text][vc_single_image image=&#8221;10237&#8243; img_size=&#8221;full&#8221; alignment=&#8221;center&#8221; onclick=&#8221;custom_link&#8221; link=&#8221;https:\/\/www.julabo.com\/es\/productos\/termostatos-de-circulacion\/termostatos-de-inmersion&#8221;][\/vc_column][\/vc_row][vc_row][vc_column width=&#8221;1\/4&#8243;][vc_column_text]<\/p>\n<p style=\"text-align: center;\"><strong>Ba\u00f1os Termost\u00e1ticos Abierto<\/strong><\/p>\n<p>[\/vc_column_text][vc_column_text]<span style=\"color: #ffffff;\">&#8211;<\/span>[\/vc_column_text][vc_single_image image=&#8221;10239&#8243; img_size=&#8221;full&#8221; alignment=&#8221;center&#8221; onclick=&#8221;custom_link&#8221; link=&#8221;https:\/\/www.julabo.com\/es\/productos\/termostatos-de-circulacion\/banos-termostaticos-abierto&#8221;][vc_column_text]<span style=\"color: #ffffff;\">&#8211;<\/span>[\/vc_column_text][vc_column_text]<span style=\"color: #ffffff;\">&#8211;<\/span>[\/vc_column_text][vc_column_text]<span style=\"color: #ffffff;\">&#8211;<\/span>[\/vc_column_text][\/vc_column][vc_column width=&#8221;1\/4&#8243;][vc_column_text]<\/p>\n<p style=\"text-align: center;\"><strong>Ba\u00f1os Termost\u00e1ticos con cubeta abierta<\/strong><\/p>\n<p>[\/vc_column_text][vc_column_text]<span style=\"color: #ffffff;\">&#8211;<\/span>[\/vc_column_text][vc_single_image image=&#8221;10241&#8243; img_size=&#8221;full&#8221; alignment=&#8221;center&#8221; onclick=&#8221;custom_link&#8221; link=&#8221;https:\/\/www.julabo.com\/es\/productos\/termostatos-de-circulacion\/banos-termostaticos-con-cubeta-abierta&#8221;][\/vc_column][vc_column width=&#8221;1\/4&#8243;][vc_column_text]<\/p>\n<p style=\"text-align: center;\"><strong>Ba\u00f1o Termost\u00e1tico<\/strong><\/p>\n<p>[\/vc_column_text][vc_column_text]<span style=\"color: #ffffff;\">&#8211;<\/span>[\/vc_column_text][vc_single_image image=&#8221;10243&#8243; img_size=&#8221;full&#8221; alignment=&#8221;center&#8221; onclick=&#8221;custom_link&#8221; link=&#8221;https:\/\/www.julabo.com\/es\/productos\/termostatos-de-circulacion\/bano-termostatico&#8221;][\/vc_column][vc_column width=&#8221;1\/4&#8243;][vc_column_text]<\/p>\n<p style=\"text-align: center;\"><strong>Termostato sobre Puente<\/strong><\/p>\n<p>[\/vc_column_text][vc_column_text]<span style=\"color: #ffffff;\">&#8211;<\/span>[\/vc_column_text][vc_column_text]<span style=\"color: #ffffff;\">&#8211;<\/span>[\/vc_column_text][vc_single_image image=&#8221;10245&#8243; alignment=&#8221;center&#8221; onclick=&#8221;custom_link&#8221; link=&#8221;https:\/\/www.julabo.com\/es\/productos\/termostatos-de-circulacion\/termostato-sobre-puente&#8221;][\/vc_column][\/vc_row][vc_row][vc_column width=&#8221;1\/4&#8243;][vc_column_text]<\/p>\n<p style=\"text-align: center;\"><strong>Sistemas Din\u00e1micos de control de temperatura<\/strong><\/p>\n<p>[\/vc_column_text][vc_column_text]<span style=\"color: #ffffff;\">&#8211;<\/span>[\/vc_column_text][vc_single_image image=&#8221;10251&#8243; img_size=&#8221;full&#8221; alignment=&#8221;center&#8221; onclick=&#8221;custom_link&#8221; link=&#8221;https:\/\/www.julabo.com\/es\/productos\/sistemas-dinamicos-de-control-de-temperatura&#8221;][vc_column_text]<span style=\"color: #ffffff;\">&#8211;<\/span>[\/vc_column_text][vc_column_text]<span style=\"color: #ffffff;\">&#8211;<\/span>[\/vc_column_text][vc_column_text]<span style=\"color: #ffffff;\">&#8211;<\/span>[\/vc_column_text][\/vc_column][vc_column width=&#8221;1\/4&#8243;][vc_column_text]<\/p>\n<p style=\"text-align: center;\"><strong>Chiller de Refrigeraci\u00f3n<\/strong><\/p>\n<p>[\/vc_column_text][vc_column_text]<span style=\"color: #ffffff;\">&#8211;<\/span>[\/vc_column_text][vc_single_image image=&#8221;10250&#8243; img_size=&#8221;full&#8221; alignment=&#8221;center&#8221; onclick=&#8221;custom_link&#8221; link=&#8221;https:\/\/www.julabo.com\/es\/productos\/recirculadores-de-refrigeracion&#8221;][\/vc_column][vc_column width=&#8221;1\/4&#8243;][vc_column_text]<\/p>\n<p style=\"text-align: center;\"><strong>Ba\u00f1os de agua<\/strong><\/p>\n<p>[\/vc_column_text][vc_column_text]<span style=\"color: #ffffff;\">&#8211;<\/span>[\/vc_column_text][vc_single_image image=&#8221;10253&#8243; img_size=&#8221;full&#8221; alignment=&#8221;center&#8221; onclick=&#8221;custom_link&#8221; link=&#8221;https:\/\/www.julabo.com\/es\/productos\/banos-de-agua&#8221;][\/vc_column][vc_column width=&#8221;1\/4&#8243;][vc_column_text]<\/p>\n<p style=\"text-align: center;\"><strong>Ba\u00f1os de agua con agitaci\u00f3n<\/strong><\/p>\n<p>[\/vc_column_text][vc_column_text]<span style=\"color: #ffffff;\">&#8211;<\/span>[\/vc_column_text][vc_column_text font_color=&#8221;#ffffff&#8221;]<\/p>\n<p style=\"text-align: center;\"><strong>Ba\u00f1os de agua con agitaci\u00f3n<\/strong><\/p>\n<p>[\/vc_column_text][vc_single_image image=&#8221;10255&#8243; img_size=&#8221;full&#8221; alignment=&#8221;center&#8221; onclick=&#8221;custom_link&#8221; link=&#8221;https:\/\/www.julabo.com\/es\/productos\/banos-de-agua-con-agitacion&#8221;][\/vc_column][\/vc_row][vc_row][vc_column width=&#8221;1\/4&#8243;][vc_column_text]<\/p>\n<p style=\"text-align: center;\"><strong>Refrigeradores de Inmersi\u00f3n<\/strong><\/p>\n<p>[\/vc_column_text][vc_column_text]<span style=\"color: #ffffff;\">&#8211;<\/span>[\/vc_column_text][vc_single_image image=&#8221;10265&#8243; img_size=&#8221;full&#8221; alignment=&#8221;center&#8221; onclick=&#8221;custom_link&#8221; link=&#8221;https:\/\/www.julabo.com\/es\/productos\/productos-para-aplicaciones-especiales\/refrigeradores-de-inmersion&#8221;][vc_column_text]<span style=\"color: #ffffff;\">&#8211;<\/span>[\/vc_column_text][vc_column_text]<span style=\"color: #ffffff;\">&#8211;<\/span>[\/vc_column_text][vc_column_text]<span style=\"color: #ffffff;\">&#8211;<\/span>[\/vc_column_text][\/vc_column][vc_column width=&#8221;1\/4&#8243;][vc_column_text]<\/p>\n<p style=\"text-align: center;\"><strong>Controladores de Temperatura<\/strong><\/p>\n<p>[\/vc_column_text][vc_column_text]<span style=\"color: #ffffff;\">&#8211;<\/span>[\/vc_column_text][vc_single_image image=&#8221;10261&#8243; img_size=&#8221;full&#8221; alignment=&#8221;center&#8221; onclick=&#8221;custom_link&#8221; link=&#8221;https:\/\/www.julabo.com\/es\/productos\/productos-para-aplicaciones-especiales\/controladores-de-temperatura&#8221;][\/vc_column][vc_column width=&#8221;1\/4&#8243;][vc_column_text]<\/p>\n<p style=\"text-align: center;\"><strong>Ba\u00f1os de Calibraci\u00f3n<\/strong><\/p>\n<p>[\/vc_column_text][vc_column_text]<span style=\"color: #ffffff;\">&#8211;<\/span>[\/vc_column_text][vc_single_image image=&#8221;10259&#8243; img_size=&#8221;full&#8221; alignment=&#8221;center&#8221; onclick=&#8221;custom_link&#8221; link=&#8221;https:\/\/www.julabo.com\/es\/productos\/productos-para-aplicaciones-especiales\/banos-de-calibracion&#8221;][\/vc_column][vc_column width=&#8221;1\/4&#8243;][vc_column_text]<\/p>\n<p style=\"text-align: center;\"><strong>Criotermostato para Test de Caducidad de la Cerveza<\/strong><\/p>\n<p>[\/vc_column_text][vc_column_text]<span style=\"color: #ffffff;\">&#8211;<\/span>[\/vc_column_text][vc_single_image image=&#8221;10257&#8243; img_size=&#8221;full&#8221; alignment=&#8221;center&#8221; onclick=&#8221;custom_link&#8221; link=&#8221;https:\/\/www.julabo.com\/es\/productos\/productos-para-aplicaciones-especiales\/criotermostato-para-test-de-caducidad-de-la-cerveza&#8221;][\/vc_column][\/vc_row][vc_row][vc_column width=&#8221;1\/4&#8243;][vc_column_text]<\/p>\n<p style=\"text-align: center;\"><strong>Fluidos de ba\u00f1o y l\u00edquidos protectores para ba\u00f1os de agua<\/strong><\/p>\n<p>[\/vc_column_text][vc_column_text]<span style=\"color: #ffffff;\">&#8211;<\/span>[\/vc_column_text][vc_single_image image=&#8221;10267&#8243; img_size=&#8221;full&#8221; alignment=&#8221;center&#8221; onclick=&#8221;custom_link&#8221; link=&#8221;https:\/\/www.julabo.com\/es\/productos\/accesorios\/fluidos-de-bano-y-liquidos-protectores-para-banos-de-agua&#8221;][vc_column_text]<span style=\"color: #ffffff;\">&#8211;<\/span>[\/vc_column_text][vc_column_text]<span style=\"color: #ffffff;\">&#8211;<\/span>[\/vc_column_text][\/vc_column][vc_column width=&#8221;1\/4&#8243;][vc_column_text]<\/p>\n<p style=\"text-align: center;\"><strong>Accesorios para equipos Julabo<\/strong><\/p>\n<p>[\/vc_column_text][vc_column_text]<span style=\"color: #ffffff;\">&#8211;<\/span>[\/vc_column_text][vc_single_image image=&#8221;10268&#8243; img_size=&#8221;full&#8221; alignment=&#8221;center&#8221; onclick=&#8221;custom_link&#8221; link=&#8221;https:\/\/www.julabo.com\/es\/productos\/accesorios&#8221;][\/vc_column][\/vc_row]<\/p>\n<\/section>","protected":false},"excerpt":{"rendered":"<p>[vc_row][vc_column width=&#8221;1\/2&#8243;][vc_single_image image=&#8221;9985&#8243; img_size=&#8221;medium&#8221; alignment=&#8221;center&#8221;][\/vc_column][vc_column width=&#8221;1\/2&#8243;][vc_column_text font_size=&#8221;0&#8243; line_height=&#8221;0&#8243; letter_spacing=&#8221;&#8221;][\/vc_column_text][vc_column_text font_size=&#8221;0&#8243; line_height=&#8221;0&#8243; letter_spacing=&#8221;&#8221; font_color=&#8221;#000000&#8243;] Equipos de la marca Julabo [\/vc_column_text][\/vc_column][\/vc_row][vc_row][vc_column width=&#8221;1\/4&#8243;][vc_column_text] Criotermostato de Circulaci\u00f3n [\/vc_column_text][vc_column_text]&#8211;[\/vc_column_text][vc_single_image image=&#8221;10232&#8243; img_size=&#8221;full&#8221; alignment=&#8221;center&#8221; onclick=&#8221;custom_link&#8221; link=&#8221;https:\/\/www.julabo.com\/es\/productos\/criotermostatos\/criotermostato-de-circulacion&#8221;][vc_column_text]&#8211;[\/vc_column_text][vc_column_text]&#8211;[\/vc_column_text][vc_column_text]&#8211;[\/vc_column_text][\/vc_column][vc_column width=&#8221;1\/4&#8243;][vc_column_text] Criotermostatos Compactos [\/vc_column_text][vc_column_text]&#8211;[\/vc_column_text][vc_single_image image=&#8221;10235&#8243; img_size=&#8221;full&#8221; alignment=&#8221;center&#8221; onclick=&#8221;custom_link&#8221; link=&#8221;https:\/\/www.julabo.com\/es\/productos\/criotermostatos\/criotermostatos-compactos&#8221;][\/vc_column][vc_column width=&#8221;1\/4&#8243;][vc_column_text] Ultracriotermostatos de Circulaci\u00f3n [\/vc_column_text][vc_column_text]&#8211;[\/vc_column_text][vc_single_image image=&#8221;10236&#8243; img_size=&#8221;full&#8221; alignment=&#8221;center&#8221; onclick=&#8221;custom_link&#8221; link=&#8221;https:\/\/www.julabo.com\/es\/productos\/criotermostatos\/ultracriotermostatos-de-circulacion&#8221;][\/vc_column][vc_column width=&#8221;1\/4&#8243;][vc_column_text] Termostatos de Inmersi\u00f3n [\/vc_column_text][vc_column_text]&#8211;[\/vc_column_text][vc_single_image image=&#8221;10237&#8243; img_size=&#8221;full&#8221; [&hellip;]<\/p>\n","protected":false},"author":1,"featured_media":0,"parent":0,"menu_order":0,"comment_status":"closed","ping_status":"closed","template":"","meta":{"footnotes":""},"class_list":["post-10069","page","type-page","status-publish","hentry"],"_links":{"self":[{"href":"https:\/\/gyg-sucesores.com\/wordpress\/index.php\/wp-json\/wp\/v2\/pages\/10069","targetHints":{"allow":["GET"]}}],"collection":[{"href":"https:\/\/gyg-sucesores.com\/wordpress\/index.php\/wp-json\/wp\/v2\/pages"}],"about":[{"href":"https:\/\/gyg-sucesores.com\/wordpress\/index.php\/wp-json\/wp\/v2\/types\/page"}],"author":[{"embeddable":true,"href":"https:\/\/gyg-sucesores.com\/wordpress\/index.php\/wp-json\/wp\/v2\/users\/1"}],"replies":[{"embeddable":true,"href":"https:\/\/gyg-sucesores.com\/wordpress\/index.php\/wp-json\/wp\/v2\/comments?post=10069"}],"version-history":[{"count":32,"href":"https:\/\/gyg-sucesores.com\/wordpress\/index.php\/wp-json\/wp\/v2\/pages\/10069\/revisions"}],"predecessor-version":[{"id":10619,"href":"https:\/\/gyg-sucesores.com\/wordpress\/index.php\/wp-json\/wp\/v2\/pages\/10069\/revisions\/10619"}],"wp:attachment":[{"href":"https:\/\/gyg-sucesores.com\/wordpress\/index.php\/wp-json\/wp\/v2\/media?parent=10069"}],"curies":[{"name":"wp","href":"https:\/\/api.w.org\/{rel}","templated":true}]}}